What is the highest common divisor of 1710 and 276678?
342
Calculate the highest common factor of 47 and 216200.
47
Calculate the greatest common divisor of 48057 and 4.
1
Calculate the greatest common divisor of 1250 and 200.
50
Calculate the greatest common factor of 3995 and 4828.
17
What is the highest common factor of 36 and 483498?
18
Calculate the greatest common factor of 7250 and 522.
58
Calculate the greatest common divisor of 43245 and 6.
3
What is the greatest common divisor of 340 and 40970?
170
Calculate the greatest common factor of 2748254 and 34.
34
Calculate the highest common factor of 6986 and 18214.
14
What is the highest common factor of 40898 and 1014?
338
What is the greatest common factor of 4 and 396556?
4
What is the greatest common divisor of 3695472 and 66?
66
Calculate the highest common factor of 1241 and 8710579.
1241
What is the greatest common factor of 145454 and 2?
2
What is the greatest common factor of 63292 and 6?
2
What is the highest common factor of 23600 and 8100?
100
What is the highest common divisor of 171 and 280143?
9
What is the highest common factor of 5670 and 34405?
35
Calculate the greatest common factor of 343664 and 6016.
752
What is the greatest common factor of 168 and 31612?
28
What is the highest common factor of 107 and 88061?
107
What is the greatest common factor of 14244 and 168?
12
Calculate the highest common factor of 6466 and 2014.
106
What is the greatest common factor of 243 and 4887?
27
What is the highest common divisor of 441 and 1053108?
441
What is the highest common divisor of 912 and 170904?
24
Calculate the greatest common divisor of 357 and 37179.
51
What is the highest common factor of 8 and 571028?
4
What is the greatest common divisor of 22249 and 323?
19
What is the greatest common factor of 5209281 and 11?
11
What is the highest common divisor of 156 and 303708?
12
Calculate the greatest common divisor of 80208 and 8.
8
Calculate the highest common divisor of 1476 and 340218.
738
Calculate the greatest common divisor of 201 and 33299.
67
What is the highest common divisor of 80 and 712064?
16
Calculate the highest common divisor of 5713 and 841.
29
Calculate the greatest common factor of 1320 and 1202190.
330
What is the highest common factor of 478 and 340097?
239
What is the greatest common divisor of 563 and 13455137?
563
What is the greatest common factor of 2532517 and 65?
13
Calculate the highest common factor of 9505675 and 5925.
1975
Calculate the highest common divisor of 10688 and 41750.
334
What is the highest common factor of 115 and 105685?
115
Calculate the highest common factor of 449 and 8946325.
449
Calculate the highest common factor of 2784 and 300.
12
Calculate the greatest common divisor of 26289 and 7038.
207
What is the greatest common divisor of 60850 and 4150?
50
Calculate the greatest common factor of 57 and 25878.
57
What is the greatest common factor of 144 and 11184?
48
What is the highest common divisor of 3029 and 2041?
13
Calculate the highest common factor of 1304 and 681503.
163
Calculate the highest common divisor of 53140 and 3620.
20
Calculate the highest common factor of 1754126 and 426.
142
What is the greatest common divisor of 110 and 10480?
10
What is the highest common factor of 553 and 10033?
79
What is the greatest common divisor of 12921 and 40179?
177
Calculate the greatest common factor of 40 and 1701620.
20
Calculate the highest common divisor of 67355 and 3192.
19
What is the highest common factor of 332187 and 3?
3
What is the highest common divisor of 132 and 2196?
12
What is the greatest common factor of 49 and 2513?
7
What is the greatest common divisor of 44 and 985094?
22
What is the greatest common factor of 100240 and 42?
14
What is the greatest common divisor of 984 and 272486?
82
What is the highest common factor of 74 and 11618?
74
What is the greatest common divisor of 32421 and 8988?
321
Calculate the highest common factor of 1112 and 12093.
139
Calculate the highest common divisor of 3760 and 156980.
940
What is the greatest common divisor of 4260365 and 74?
37
Calculate the highest common factor of 66817 and 763.
109
What is the highest common divisor of 85 and 5?
5
What is the highest common divisor of 375437 and 287?
41
What is the highest common divisor of 104324 and 44?
44
Calculate the greatest common factor of 14171 and 64727.
383
Calculate the greatest common divisor of 39886 and 22.
22
What is the greatest common divisor of 111276 and 396?
396
What is the greatest common factor of 814 and 297?
11
Calculate the greatest common divisor of 1360 and 12410.
170
What is the highest common factor of 104 and 273299?
13
What is the highest common factor of 20336 and 492?
164
What is the highest common divisor of 792 and 756338?
22
Calculate the highest common factor of 13174 and 189.
7
What is the highest common divisor of 23 and 2111699?
23
Calculate the greatest common factor of 6281 and 23.
1
What is the highest common divisor of 8265 and 192299?
551
Calculate the greatest common factor of 228215 and 130.
65
Calculate the greatest common factor of 4740 and 5820.
60
What is the greatest common factor of 237064 and 48?
8
What is the highest common factor of 13600 and 5400?
200
What is the greatest common factor of 29348 and 23?
23
What is the greatest common factor of 864 and 31212?
108
What is the greatest common divisor of 676552 and 608?
152
Calculate the highest common divisor of 87412 and 884.
52
What is the highest common factor of 14573 and 10963?
19
Calculate the greatest common factor of 132 and 528.
132
What is the highest common divisor of 8003 and 4681?
151
What is the highest common factor of 1896 and 260384?
632
Calculate the highest common divisor of 498 and 3512062.
166
What is the greatest common factor of 58982 and 546?
14
Calculate the highest common divisor of 2450 and 98147.
49
Calculate the highest common divisor of 12 and 1139916.
12
Calculate the highest common divisor of 9605 and 1955.
85
Calculate the highest common divisor of 192 and 8896.
64
What is the greatest common divisor of 10240 and 220?
20
What is the highest common divisor of 1066 and 50143?
41
Calculate the greatest common factor of 12150 and 525.
75
What is the greatest common divisor of 600 and 21950?
50
What is the greatest common factor of 456 and 1212010?
38
What is the greatest common factor of 26250 and 2325?
75
What is the highest common divisor of 1136 and 3053?
71
Calculate the highest common divisor of 17 and 58769.
17
What is the highest common divisor of 161 and 121647?
23
What is the highest common divisor of 96782 and 119?
7
Calculate the highest common factor of 325150 and 1400.
350
Calculate the greatest common factor of 300402 and 81.
27
What is the greatest common factor of 270 and 311823?
27
Calculate the greatest common divisor of 18 and 380466.
18
Calculate the greatest common factor of 6 and 2718066.
6
Calculate the greatest common factor of 3280 and 6080.
80
What is the greatest common divisor of 180 and 247716?
36
Calculate the greatest common factor of 85716 and 324.
36
Calculate the highest common divisor of 96 and 2656.
32
Calculate the highest common divisor of 950 and 119690.
10
Calculate the greatest common factor of 800 and 32192.
32
What is the greatest common divisor of 13786 and 10848?
226
What is the highest common factor of 531 and 1970187?
177
What is the highest common factor of 14094 and 42930?
162
Calculate the greatest common factor of 13 and 3156049.
13
Calculate the highest common divisor of 12960 and 567810.
810
What is the highest common factor of 44 and 18689?
11
Calculate the highest common factor of 29 and 4742457.
29
What is the highest common factor of 4066 and 3572?
38
What is the greatest common factor of 1280 and 197240?
40
Calculate the greatest common factor of 1258548 and 3.
3
What is the greatest common divisor of 62 and 160642?
62
What is the greatest common divisor of 190 and 389120?
190
What is the greatest common divisor of 15125 and 4345?
55
What is the greatest common factor of 77179 and 7345?
113
What is the highest common divisor of 112 and 2804?
4
Calculate the greatest common factor of 43475 and 50.
25
What is the greatest common divisor o